) = -m**2 - 3*m + 7. Let x = -38 + 34. Let b be l(x). Suppose -b*a = -0*a - 3*z - 18, 0 = 3*z - 3. Give v(a).
4
Let a(d) be the second derivative of 3*d**3 + 75*d**2/2 + 995*d. Determine a(-4).
3
Let i(k) be the second derivative of k**6/180 - k**5/20 - k**4/6 + 28*k**3/3 - 146*k. Let s(n) be the third derivative of i(n). Determine s(4).
10
Let r(p) = 58 + p**2 + 4*p**2 - 34*p + 25*p - 6*p**2 - 41. What is r(-8)?
25
Let a(j) be the second derivative of -33*j**2 - 6*j**3 + 5*j**3 + 43*j + 32*j**2 - 4*j. Let x = -6 - -4. Give a(x).
10
Let t(b) = -b**3 - 9*b**2 - 3*b + 17. Let v = 22360 + -22367. Give t(v).
-60
Let w(n) be the third derivative of -n**6/120 + 11*n**5/60 - 4*n**4/3 + n**3/2 - 62*n**2 + n. Let c be w(6). Let u(q) = q**3 + 9*q**2 + 2*q. Give u(c).
-18
Suppose -3*q = -5*o - 19, 133*q + o = 138*q - 17. Let d(z) = 9*z**2 - 4*z + 14. Calculate d(q).
83
Let o(j) = -j**2 - 5*j - 4. Let w(f) = f**2 + 6*f - 1. Let x be w(-5). Let v be (40/25)/(x/15). Let q be 2 - -2 - (8 + -3 - v). Give o(q).
-4
Let x = -452 - -448. Let n(h) = h**3 + 6*h**2 + h - 20. Calculate n(x).
8
Suppose 5*q = -i + 12, 4*q = -14*i + 10*i + 16. Let s(v) = -v - 2*v**3 - q - 2777*v**2 + 2784*v**2 + v**3. Let x be 1/(-2)*2*-7. Give s(x).
-9
Suppose q - 4 = -3*g, 0*q = 2*g + 3*q + 2. Let r(n) = n + n - n - g*n + 9. Suppose 5*i + 2*o = -o + 55, -4*o + 20 = 0. Give r(i).
1
Let p(f) be the first derivative of -5*f**3/3 + f**2 - f - 759. Let y = -4 - -4. Suppose -2*v + 8 = y, 5*r = v - 0*v + 6. Give p(r).
-17
Let v(x) = -5*x - 2. Let k = -31 + 35. Suppose 3*y = -4*p + 7*y + 40, 0 = -2*p + k*y + 30. Determine v(p).
-27
Let c(a) = -4*a**2 + 361*a + 1030. Let t be c(93). Let n(k) = -k**3 + 9*k**2 + 3*k - 6. Calculate n(t).
113
Let n(w) = -w**3 - 275 + 91 - 8*w**2 + 93 + 87. Let f be (-4)/(0 + -1) - -2. Let b be 8/f*1*-6. What is n(b)?
-4
Let z(x) = 3*x**3 - x**2 + 4*x. Let h(k) = 14*k**3 - 43*k**2 + 53*k - 229. Let w(c) = -h(c) + 5*z(c). What is w(-39)?
-5
Let x(b) = 7*b**2 + 0*b**3 - 1 + 1 + 5*b + b**3 - 3. Suppose 2*h - 65 = -23*r + 24*r, 0 = 3*h + 5*r - 91. Let k be h/(-4) + 4*1. Calculate x(k).
25
Suppose -23*l - 56 = -15*l. Suppose 3*r + 5 = 20. Let i(g) = -r*g - g + g + g - g**2. Determine i(l).
-21
Let i(w) = -w + 10. Suppose -5*k + 25 = 2*l - 18, 0 = 5*l - 3*k - 185. Let z = -40 + 74. Let n = l - z. Give i(n).
10
Let r(b) be the second derivative of -b**4/12 - 5*b**3/2 - 21*b**2/2 - 4032*b. Give r(-12).
15
Let r be (144/33 + 76/(-209))*13/8*2. Let v(y) be the third derivative of -y**6/120 + y**5/5 + 13*y**4/24 - 2*y**3/3 + y**2. Determine v(r).
-4
Let k(g) be the third derivative of g**5/120 + 5*g**4/24 + 49*g**3 - 26*g**2 - 4*g. Let w(u) be the first derivative of k(u). What is w(-5)?
0
Let r(p) = -p + 1 - 1 - 1 - 5. Let h(g) = -3. Suppose -3*d = -7*d - 24. Let j(x) = d*r(x) + 13*h(x). Determine j(4).
21
Suppose 0 = -n + 3*o - 27, -2*n + 96*o = 99*o. Let c(u) = -3*u**3 - 27*u**2 + 14*u + 119. What is c(n)?
-7
Let c(h) = 78 - h - 88 - 6*h - h**2. Let p(w) = w**2 + 13*w - 239. Let j be p(10). Give c(j).
-28
Let x(z) = z**3 - 4*z**2 - 4*z + 5. Let v = -20 + 23. Suppose 0*c + 5*c - 119 = -3*t, -v*c = 5*t - 209. Suppose 0 = g + 38 - t. Determine x(g).
10
Let p(t) = -t**2 - t + 6. Suppose 4*k + 195 = -1157. Let f = 344 + k. What is p(f)?
-36
Let j(q) = 24*q + 337. Let c be j(-14). Let p(b) = 35 - c + 3*b - 11. Determine p(-8).
-1
Let p be 3/(-18) + ((-665)/30)/(-1). Suppose -2*r + 48 = p*r. Let h(k) = -k**3 + k**2 + k. Give h(r).
-2
Let y(k) = 2*k**2 + 2*k - 3. Let s(p) = -3*p**2 - 7*p - 4. Let u be s(-2). Let g be (462/(-9) - u)*27/18. Let d = -72 - g. Calculate y(d).
9
Let o(b) = -11*b - 25. Let i(l) = 2*l + 4. Let q(x) = 6*i(x) + o(x). Let r be (-2)/(3*4/(-30)). Let s(t) = -1. Let z(m) = r*s(m) - q(m). What is z(-5)?
1
Let q(d) be the third derivative of -d**5/15 + 35*d**4/4 - 53*d**3/3 - 26*d**2 + 21*d - 1. Calculate q(52).
-2
Let y(k) = 38*k**2 - 3*k - 5. Let a(h) = -6*h**2. Let c(v) = -6*a(v) - y(v). What is c(5)?
-30
Let y(l) = 5*l**3 - l**2 - 1. Let u(n) = -11*n**3 + 9*n**2 - n - 15. Let j(k) = -u(k) - 2*y(k). Calculate j(5).
-28
Let m(q) = -93269 - 3*q - 2*q + 93281 - q. Calculate m(10).
-48
Let d(f) = 1 - 2 - 2 - 2*f + 241344*f**3 - 241343*f**3 + 4*f**2. Suppose 6 = -4*w - 2*t, 3*w + 2 = -t - t. Let i = w - 0. What is d(i)?
5
Let g(n) = -2321 + 20*n - 17*n - n**2 + 2351. Determine g(9).
-24
Let f be (1 - (-7)/(-5))*25. Let j(r) = -3 - 6*r - 5*r + 8*r**3 - 9*r**3 - 11*r**2. Determine j(f).
7
Let z(n) be the second derivative of -n**3/2 - 4495*n. Let o be 0 + (-4)/2 - -4. Let p = 0 + o. Calculate z(p).
-6
Let x(y) be the first derivative of y**3/3 - 2*y**2 - y + 2. Let o be 2*(1 + -4 + 33/6). Suppose 5*z - 3*i - 34 = -0*i, -o*z = 2*i - 19. Give x(z).
4
Let f(x) = x - 21. Let g be f(10). Suppose -6 + 16 = 2*m. Let p(j) = 2436 - 2429 - j**3 - 16*j**2 + m*j**2. Calculate p(g).
7
Let t(b) = 6 - 2*b + 0 + 8*b - 10*b - 14*b**2 + 15*b**2. Let h = -9 + 15. Suppose -w = -x + 7, 3*x + 2*w = -0*x + h. Determine t(x).
6
Let c be (-2 + 2)/(2/1). Suppose c = s - 45 + 38. Let l(m) = m**3 + 9*m**2 + s + 72*m - m**2 - 63*m. What is l(-7)?
-7
Let n be 101/(-11) + 13 + (-705)/55. Let a(y) = y + 31. Determine a(n).
22
Let z(k) = -k**2 - 9*k - 10. Suppose -g = 2*d - 8, -g - 3*g - d = -32. Suppose -20*a + 12 = -g. Suppose 8*p = -57 + a. What is z(p)?
4
Let q(w) = w**3 - 11*w**2 + 11*w. Suppose -14*z + 493 - 353 = 0. Give q(z).
10
Let o = -19754 + 19752. Let p(t) = -t**2 + 8*t + 16. Give p(o).
-4
Suppose -4*g = -3*m + 10, 3*m + 3 = g + 1. Let a(l) = l**2 + 5*l + 8. Let w(h) = h**2 + 5*h + 7. Suppose -16 - 2 = -6*b. Let d(c) = b*a(c) + g*w(c). Give d(-4).
0
Let l be (-4 + 7 + -3)/(-2). Suppose -10 = 5*s, 0 = -2*z + 2*s - 8 - l. Let k(f) = f**2 + 10*f + 15. Calculate k(z).
-9
Suppose -4*r + 48 = -12. Suppose 0 = -4*w + r - 3. Let h(l) = -3 + l**3 + w*l**2 + l + 2*l + 0 + 3*l**2. What is h(-5)?
7
Let f(d) = -d**2 - 10*d - 6. Suppose 4*r - 3 + 5 = 2*h, 0 = h - 4*r + 1. Let l(x) = -x. Let n(o) = h*l(o) - f(o). Determine n(-5).
-4
Let h(w) be the first derivative of -w**3/3 + 3*w**2/2 + 2*w - 62. Let v(o) = -o**2 + 6*o - 5. Let q be v(3). Determine h(q).
-2
Let j(b) = b - 2. Let m = -85 + 106. Suppose -m = -6*l + 69. Let c = l + -15. Calculate j(c).
-2
Let k(z) = -24*z**2 + 14*z**2 + 6*z**2 - 4 + z + 6*z**2. Let q be (-4)/(5 + -4) - 0/(-2). What is k(q)?
24
Let r be -13 + 9 + 1/(-1). Let a(o) = 3*o + 3. Let y(l) = -1. Let q(t) = r*y(t) + a(t). Determine q(-9).
-19
Let w be (1 - (-10)/2)/(9/9). Let j(t) = 4 + w*t - 2*t**2 + 8*t**2 - 5*t**2. Determine j(-5).
-1
Suppose 4*x = -0*x. Let w(g) be the second derivative of g**4/24 - 2*g**3/3 - 29*g**2/2 + g - 4. Let u(r) be the first derivative of w(r). What is u(x)?
-4
Let y(o) = o**3 + 14*o**2 + 6*o + 9. Suppose 3*h + 48 = 3*r, 5*h = 721*r - 722*r - 62. What is y(h)?
100
Let i(v) = 13*v**3 - 37*v**2 - 9*v - 18. Let q(l) = -11*l**3 + 30*l**2 + 9*l + 18. Let o(h) = -6*i(h) - 7*q(h). Determine o(11).
4
Suppose -k - 6 = -10. Suppose 4*n + k = 0, -5*c + 6*n + 138 = 3*n. Let j(q) = c - 54 + 7*q - q**2 + 26. Give j(7).
-1
Let r = -51 + 92. Let t = 47 - r. Let j(z) = 9*z + t*z + 6 - 16*z. Calculate j(3).
3
Let a(y) = -122*y**2 - 158*y + 963. Let c(r) = -169*r**2 - 220*r + 1348. Let n(q) = -18*a(q) + 13*c(q). Calculate n(-23).
29
Suppose 7 = 2*y - 3*y. Let a(x) be the third derivative of -1/8*x**4 - 7/6*x**3 + 82 + 2*x**2 + 0*x. Give a(y).
14
Let o(s) = -11*s + 7*s + 2*s. Let r(b) = b**3 - 7*b**2 + 5*b + 5. Let n be r(6). Determine o(n).
2
Let s = 172 + -172. Let n be s + (3/5)/(4/20). Let i(m) = -2*m**3 - 7*m**2 - m - 1. Let d(g) = g**3 + 6*g**2 + g + 1. Let b(r) = 3*d(r) + 2*i(r). Give b(n).
13
Suppose 0 = 5*q - y - 73, -q = -0*q + 4*y - 23. Suppose -q + 45 = -10*k. Let w(j) = -2*j**2 - 5*j. Calculate w(k).
-3
Let m(l) be the first derivative of l**4/2 - 23*l**3/3 + 11*l**2/2 + 9*l - 4418. What is m(11)?
9
Let j be 8 + (0/(-2) - 2). Let v = 33 + -31. Let c(y) = -5*y - 6 + 3*y + 7*y - 12*y**3 + 11*y**3 + 5*y**v. Give c(j).
-12
Let r(u) be the second derivative of u**4/2 + 9*u**3 - 4*u**2 - 2114*u. Give r(-9).
-8
Suppose 52*v = 50*v + 16. Suppose -v*g = 2 + 6. Let l(f) = -46*f**2 - 1. Calculate l(g).
-47
Let o(h) = h. Let f(g) = -g**3 + 5*g - 3. Let v(i) = -f